{"id":589,"date":"2018-09-19T13:15:25","date_gmt":"2018-09-19T11:15:25","guid":{"rendered":"http:\/\/www.ambulatoriodellarte.eu\/?page_id=589"},"modified":"2019-01-09T18:10:49","modified_gmt":"2019-01-09T17:10:49","slug":"privacy-policy","status":"publish","type":"page","link":"https:\/\/www.ambulatoriodellarte.eu\/index.php\/privacy-policy\/","title":{"rendered":"Privacy policy"},"content":{"rendered":"<h2 style=\"text-align: justify;\">Privacy Policy<\/h2>\n<h4 style=\"text-align: justify;\">AI SENSI DELL\u2019ART. 13 DEL REGOLAMENTO 679\/2016 (\u201cRegolamento\u201d)<br \/>\nLa presente informativa \u00e8 fornita ai sensi dell\u2019art. 13 del Regolamento ed \u00e8 resa nei confronti di soggetti interessati che si prestano a richiedere prestazioni professionali allo Ambulatorio dell&#8217; arte \u2013 Titolare del Trattamento \u2013 con sede in Via Vassalli Eandi 29, 21\u00a0Torino\u00a010151 (di seguito \u201c Ambulatorio dell&#8217; arte\u201d).<br \/>\nI dati che vengono da lei forniti tramite l\u2019invio dei sui documenti\u00a0 o successivamente saranno trattati per le seguenti finalit\u00e0:<br \/>\n1. per valutare la possibilita\u2019 di risolvere eventuali problemi, generare contatti di lavoro o ricette o visite, o contratti inerenti l&#8217; arte e le opere;<br \/>\n2. per contattarla al fine di programmare colloqui che si rendano necessari, utilizzando i dati di contatto da lei forniti.<br \/>\nLa base legale del trattamento dei suoi dati personali per le finalit\u00e0 sopra indicate \u00e8 l\u2019art. 6(1)(b) del Regolamento. Il conferimento dei suoi dati personali per queste finalit\u00e0 \u00e8 facoltativo ma l\u2019eventuale mancato conferimento comporterebbe l\u2019impossibilit\u00e0 per Ambulatorio dell&#8217; arte di valutare l\u2019 accettazione dell\u2019eventuale incarico causa o di poter programmare colloqui.<br \/>\nIn caso di conferimento di eventuali lavori, i dati personali che la riguardano saranno archiviati e trattati da Ambulatorio dell&#8217; arte in base all\u2019 informativa privacy predisposta per i clienti.<br \/>\nI suoi dati saranno conservati per il periodo di tempo necessario all\u2019espletamento dell\u2019incarico e potranno essere utilizzati per contatti ed eventuali incarichi futuri. Al termine di tale periodo, i suoi dati verranno cancellati in via definitiva.<br \/>\nI suoi dati non saranno trasferiti al di fuori dello Spazio Economico Europeo e potranno essere condivisi con:<br \/>\n1. soggetti che agiscono tipicamente in qualit\u00e0 di responsabili del trattamento;<br \/>\n2. persone autorizzate da Ambulatorio dell&#8217; arte al trattamento di dati personali che si sono impegnate alla riservatezza o abbiano un adeguato obbligo legale di riservatezza.<br \/>\nAttraverso la sua documentazione (o successivamente) Ambulatorio dell&#8217; arte potrebbe raccogliere speciali categorie di dati personali come definite all\u2019art. 9 del Regolamento, quali ad esempio:<br \/>\n\u2013 dati idonei a rivelare l\u2019origine razziale o etnica;<br \/>\n\u2013 le opinioni politiche, le convinzioni religiose o filosofiche;<br \/>\n\u2013 l\u2019appartenenza sindacale;<br \/>\n\u2013 dati relativi alla salute o alla vita sessuale o all\u2019orientamento sessuale della persona;<br \/>\nL\u2019eventuale trattamento di tali dati avviene ai sensi dell\u2019art. 9(2)(a) del Regolamento, pertanto previo suo esplicito consenso e in conformit\u00e0 alle autorizzazioni\u00a0<em>pro tempore\u00a0<\/em>vigenti in materia di protezione dei dati personali. A tal proposito, se non strettamente necessario le chiediamo di non fornire tale tipo di informazioni; in caso contrario, qualora lei decidesse di fornirle, le viene richiesto di rilasciare un apposito consenso in ottemperanza alla vigente normativa in materia di protezione dei dati personali.<\/h4>\n<h4 style=\"text-align: justify;\">2018 Ambulatorio dell&#8217; arte \/ Via\u00a0Vassalli Eandi, 29\u00a0Torino\u00a010151<\/h4>\n<h4 style=\"text-align: justify;\">In mancanza del rilascio da parte sua del consenso a Ambulatorio dell&#8217; arte al trattamento dei suoi dati sensibili, l\u2019incarico o il curriculum o il contratto\u00a0 non potr\u00e0 essere n\u00e9 accettato n\u00e9 utilmente espletato.<\/h4>\n<h4 style=\"text-align: justify;\">Complessivamente, l\u2019invio facoltativo, esplicito e volontario di documenti e curriculum tramite la sezione \u201cInformazioni\u201d presente sul sito www.ambulatoriodellarte.eu, comporta la successiva acquisizione di dati personali. \u00c8 altres\u00ec possibile il verificarsi un trattamento dei dati personali di terzi soggetti inviati a Ambulatorio dell&#8217; arte. Rispetto a tali ipotesi, lei si pone come autonomo titolare del trattamento, assumendosi tutti gli obblighi e le responsabilit\u00e0 di legge. In tal senso, lei conferisce sul punto la pi\u00f9 ampia manleva rispetto ad ogni contestazione, pretesa, richiesta di risarcimento del danno da trattamento, ecc. che dovesse pervenire a Ambulatorio dell&#8217; arte da terzi soggetti i cui dati personali siano stati trattati attraverso il suo invio spontaneo in violazione delle norme sulla tutela dei dati personali applicabili. In ogni caso, qualora lei fornisca o in altro modo tratti dati personali di terzi, garantisce fin da ora \u2013 assumendosene ogni connessa responsabilit\u00e0 \u2013 che tale particolare ipotesi di trattamento si fonda su un\u2019idonea base giuridica ai sensi dell\u2019art. 6 del Regolamento che legittima il trattamento delle informazioni in questione.<br \/>\nLei ha il diritto di chiedere a Ambulatorio dell&#8217; arte in qualunque momento l\u2019accesso ai suoi dati personali, la rettifica o la cancellazione degli stessi o di opporsi al loro trattamento, ha diritto di richiedere la limitazione del trattamento nei casi previsti dall\u2019art. 18 del Regolamento, nonch\u00e9 di ottenere in un formato strutturato, di uso comune e leggibile da dispositivo automatico i dati che la riguardano, nei casi\u00a0previsti dall\u2019art. 20 del Regolamento.<br \/>\nLe richieste possono essere rivolte all\u2019indirizzo di posta elettronica romanoravazzani@gmail.com.<br \/>\nIn ogni caso lei ha sempre diritto di proporre reclamo all\u2019autorit\u00e0 di controllo competente (Garante per la Protezione dei Dati Personali), ai sensi dell\u2019art. 77 del Regolamento, qualora ritenga che il trattamento dei suoi dati sia contrario alla normativa in vigore.<\/h4>\n<p style=\"text-align: justify;\">Per l\u2019esercizio dei predetti diritti si potr\u00e0 inoltrare la richiesta\u00a0 al seguente indirizzo, reperibile anche sul sito internet della Societ\u00e0 (www.ambulatoriodellarte.eu.eu): 2018 .\u00a0Via Vassalli Eandi, 29\u00a0Torino 10151.<\/p>\n","protected":false},"excerpt":{"rendered":"<p>Privacy Policy AI SENSI DELL\u2019ART. 13 DEL REGOLAMENTO 679\/2016 (\u201cRegolamento\u201d) La presente informativa \u00e8 fornita ai sensi dell\u2019art. 13 del Regolamento ed \u00e8 resa nei confronti di soggetti interessati che si prestano a richiedere prestazioni professionali allo Ambulatorio dell&#8217; arte \u2013 Titolare del Trattamento \u2013 con sede in Via Vassalli Eandi 29, 21\u00a0Torino\u00a010151 (di seguito [&hellip;]<\/p>\n","protected":false},"author":1,"featured_media":0,"parent":0,"menu_order":0,"comment_status":"closed","ping_status":"closed","template":"","meta":{"footnotes":""},"class_list":["post-589","page","type-page","status-publish","hentry"],"_links":{"self":[{"href":"https:\/\/www.ambulatoriodellarte.eu\/index.php\/wp-json\/wp\/v2\/pages\/589"}],"collection":[{"href":"https:\/\/www.ambulatoriodellarte.eu\/index.php\/wp-json\/wp\/v2\/pages"}],"about":[{"href":"https:\/\/www.ambulatoriodellarte.eu\/index.php\/wp-json\/wp\/v2\/types\/page"}],"author":[{"embeddable":true,"href":"https:\/\/www.ambulatoriodellarte.eu\/index.php\/wp-json\/wp\/v2\/users\/1"}],"replies":[{"embeddable":true,"href":"https:\/\/www.ambulatoriodellarte.eu\/index.php\/wp-json\/wp\/v2\/comments?post=589"}],"version-history":[{"count":2,"href":"https:\/\/www.ambulatoriodellarte.eu\/index.php\/wp-json\/wp\/v2\/pages\/589\/revisions"}],"predecessor-version":[{"id":811,"href":"https:\/\/www.ambulatoriodellarte.eu\/index.php\/wp-json\/wp\/v2\/pages\/589\/revisions\/811"}],"wp:attachment":[{"href":"https:\/\/www.ambulatoriodellarte.eu\/index.php\/wp-json\/wp\/v2\/media?parent=589"}],"curies":[{"name":"wp","href":"https:\/\/api.w.org\/{rel}","templated":true}]}}

<h2 style="text-align: justify;">Privacy Policy</h2>
<h4 style="text-align: justify;">AI SENSI DELL’ART. 13 DEL REGOLAMENTO 679/2016 (“Regolamento”)<br />
La presente informativa è fornita ai sensi dell’art. 13 del Regolamento ed è resa nei confronti di soggetti interessati che si prestano a richiedere prestazioni professionali allo Ambulatorio dell&#8217; arte – Titolare del Trattamento – con sede in Via Vassalli Eandi 29, 21 Torino 10151 (di seguito “ Ambulatorio dell&#8217; arte”).<br />
I dati che vengono da lei forniti tramite l’invio dei sui documenti  o successivamente saranno trattati per le seguenti finalità:<br />
1. per valutare la possibilita’ di risolvere eventuali problemi, generare contatti di lavoro o ricette o visite, o contratti inerenti l&#8217; arte e le opere;<br />
2. per contattarla al fine di programmare colloqui che si rendano necessari, utilizzando i dati di contatto da lei forniti.<br />
La base legale del trattamento dei suoi dati personali per le finalità sopra indicate è l’art. 6(1)(b) del Regolamento. Il conferimento dei suoi dati personali per queste finalità è facoltativo ma l’eventuale mancato conferimento comporterebbe l’impossibilità per Ambulatorio dell&#8217; arte di valutare l’ accettazione dell’eventuale incarico causa o di poter programmare colloqui.<br />
In caso di conferimento di eventuali lavori, i dati personali che la riguardano saranno archiviati e trattati da Ambulatorio dell&#8217; arte in base all’ informativa privacy predisposta per i clienti.<br />
I suoi dati saranno conservati per il periodo di tempo necessario all’espletamento dell’incarico e potranno essere utilizzati per contatti ed eventuali incarichi futuri. Al termine di tale periodo, i suoi dati verranno cancellati in via definitiva.<br />
I suoi dati non saranno trasferiti al di fuori dello Spazio Economico Europeo e potranno essere condivisi con:<br />
1. soggetti che agiscono tipicamente in qualità di responsabili del trattamento;<br />
2. persone autorizzate da Ambulatorio dell&#8217; arte al trattamento di dati personali che si sono impegnate alla riservatezza o abbiano un adeguato obbligo legale di riservatezza.<br />
Attraverso la sua documentazione (o successivamente) Ambulatorio dell&#8217; arte potrebbe raccogliere speciali categorie di dati personali come definite all’art. 9 del Regolamento, quali ad esempio:<br />
– dati idonei a rivelare l’origine razziale o etnica;<br />
– le opinioni politiche, le convinzioni religiose o filosofiche;<br />
– l’appartenenza sindacale;<br />
– dati relativi alla salute o alla vita sessuale o all’orientamento sessuale della persona;<br />
L’eventuale trattamento di tali dati avviene ai sensi dell’art. 9(2)(a) del Regolamento, pertanto previo suo esplicito consenso e in conformità alle autorizzazioni <em>pro tempore </em>vigenti in materia di protezione dei dati personali. A tal proposito, se non strettamente necessario le chiediamo di non fornire tale tipo di informazioni; in caso contrario, qualora lei decidesse di fornirle, le viene richiesto di rilasciare un apposito consenso in ottemperanza alla vigente normativa in materia di protezione dei dati personali.</h4>
<h4 style="text-align: justify;">2018 Ambulatorio dell&#8217; arte / Via Vassalli Eandi, 29 Torino 10151</h4>
<h4 style="text-align: justify;">In mancanza del rilascio da parte sua del consenso a Ambulatorio dell&#8217; arte al trattamento dei suoi dati sensibili, l’incarico o il curriculum o il contratto  non potrà essere né accettato né utilmente espletato.</h4>
<h4 style="text-align: justify;">Complessivamente, l’invio facoltativo, esplicito e volontario di documenti e curriculum tramite la sezione “Informazioni” presente sul sito www.ambulatoriodellarte.eu, comporta la successiva acquisizione di dati personali. È altresì possibile il verificarsi un trattamento dei dati personali di terzi soggetti inviati a Ambulatorio dell&#8217; arte. Rispetto a tali ipotesi, lei si pone come autonomo titolare del trattamento, assumendosi tutti gli obblighi e le responsabilità di legge. In tal senso, lei conferisce sul punto la più ampia manleva rispetto ad ogni contestazione, pretesa, richiesta di risarcimento del danno da trattamento, ecc. che dovesse pervenire a Ambulatorio dell&#8217; arte da terzi soggetti i cui dati personali siano stati trattati attraverso il suo invio spontaneo in violazione delle norme sulla tutela dei dati personali applicabili. In ogni caso, qualora lei fornisca o in altro modo tratti dati personali di terzi, garantisce fin da ora – assumendosene ogni connessa responsabilità – che tale particolare ipotesi di trattamento si fonda su un’idonea base giuridica ai sensi dell’art. 6 del Regolamento che legittima il trattamento delle informazioni in questione.<br />
Lei ha il diritto di chiedere a Ambulatorio dell&#8217; arte in qualunque momento l’accesso ai suoi dati personali, la rettifica o la cancellazione degli stessi o di opporsi al loro trattamento, ha diritto di richiedere la limitazione del trattamento nei casi previsti dall’art. 18 del Regolamento, nonché di ottenere in un formato strutturato, di uso comune e leggibile da dispositivo automatico i dati che la riguardano, nei casi previsti dall’art. 20 del Regolamento.<br />
Le richieste possono essere rivolte all’indirizzo di posta elettronica romanoravazzani@gmail.com.<br />
In ogni caso lei ha sempre diritto di proporre reclamo all’autorità di controllo competente (Garante per la Protezione dei Dati Personali), ai sensi dell’art. 77 del Regolamento, qualora ritenga che il trattamento dei suoi dati sia contrario alla normativa in vigore.</h4>
<p style="text-align: justify;">Per l’esercizio dei predetti diritti si potrà inoltrare la richiesta  al seguente indirizzo, reperibile anche sul sito internet della Società (www.ambulatoriodellarte.eu.eu): 2018 . Via Vassalli Eandi, 29 Torino 10151.</p>

<p>Privacy Policy AI SENSI DELL’ART. 13 DEL REGOLAMENTO 679/2016 (“Regolamento”) La presente informativa è fornita ai sensi dell’art. 13 del Regolamento ed è resa nei confronti di soggetti interessati che si prestano a richiedere prestazioni professionali allo Ambulatorio dell&#8217; arte – Titolare del Trattamento – con sede in Via Vassalli Eandi 29, 21 Torino 10151 (di seguito [&hellip;]</p>
